{"id":8,"date":"2024-10-02T17:06:18","date_gmt":"2024-10-02T15:06:18","guid":{"rendered":"http:\/\/carelcreation.com\/?page_id=8"},"modified":"2025-08-07T15:09:32","modified_gmt":"2025-08-07T13:09:32","slug":"contacter-carel-creation","status":"publish","type":"page","link":"https:\/\/carelcreation.com\/index.php\/contacter-carel-creation\/","title":{"rendered":"Contact"},"content":{"rendered":"\n<div class=\"wp-block-columns is-layout-flex wp-container-core-columns-is-layout-9d6595d7 wp-block-columns-is-layout-flex\">\n<div class=\"wp-block-column is-layout-flow wp-block-column-is-layout-flow\">\n<p>Une simple demande d&rsquo;informations ou un projet d\u00e9j\u00e0 en t\u00eate ?&nbsp;<br>Rencontrons-nous autour d&rsquo;un caf\u00e9 ou d&rsquo;un th\u00e9 pour \u00e9changer.<\/p>\n\n\n\n<h4 class=\"wp-block-heading\">\u00c9milie Pinel Caron<\/h4>\n\n\n\n<p>T\u00e9l :&nbsp;06 30 63 30 44<\/p>\n\n\n\n<div class=\"wp-block-buttons is-layout-flex wp-block-buttons-is-layout-flex\">\n<div class=\"wp-block-button\"><a class=\"wp-block-button__link wp-element-button\" href=\"mailto:smile@carelcreation.com\">envoyer un message<\/a><\/div>\n<\/div>\n<\/div>\n\n\n\n<div class=\"wp-block-column is-vertically-aligned-center is-layout-flow wp-block-column-is-layout-flow\">\n<figure class=\"wp-block-image size-full\"><img loading=\"lazy\" decoding=\"async\" width=\"363\" height=\"375\" src=\"http:\/\/carelcreation.com\/wp-content\/uploads\/2024\/10\/se-rencontrer.jpg\" alt=\"se rencontrer autour d'un caf\u00e9 pour \u00e9changer\" class=\"wp-image-20\" style=\"aspect-ratio:1;object-fit:cover\" srcset=\"https:\/\/carelcreation.com\/wp-content\/uploads\/2024\/10\/se-rencontrer.jpg 363w, https:\/\/carelcreation.com\/wp-content\/uploads\/2024\/10\/se-rencontrer-290x300.jpg 290w\" sizes=\"auto, (max-width: 363px) 100vw, 363px\" \/><\/figure>\n<\/div>\n<\/div>\n","protected":false},"excerpt":{"rendered":"<p>Une simple demande d&rsquo;informations ou un projet d\u00e9j\u00e0 en t\u00eate ?&nbsp;Rencontrons-nous autour d&rsquo;un caf\u00e9 ou d&rsquo;un th\u00e9 pour \u00e9changer. \u00c9milie Pinel Caron T\u00e9l :&nbsp;06 30 63 30 44<\/p>\n","protected":false},"author":1,"featured_media":0,"parent":0,"menu_order":0,"comment_status":"closed","ping_status":"closed","template":"","meta":{"footnotes":""},"class_list":["post-8","page","type-page","status-publish","hentry"],"yoast_head":"<!-- This site is optimized with the Yoast SEO plugin v23.5 - https:\/\/yoast.com\/wordpress\/plugins\/seo\/ -->\n<title>Contact - Carel Cr\u00e9ation<\/title>\n<meta name=\"description\" content=\"contacter Carel Cr\u00e9ation : rencontrons-nous pour \u00e9changer sur vos projets et votre strat\u00e9gie de communication\" \/>\n<meta name=\"robots\" content=\"index, follow, max-snippet:-1, max-image-preview:large, max-video-preview:-1\" \/>\n<link rel=\"canonical\" href=\"https:\/\/carelcreation.com\/index.php\/contacter-carel-creation\/\" \/>\n<meta property=\"og:locale\" content=\"fr_FR\" \/>\n<meta property=\"og:type\" content=\"article\" \/>\n<meta property=\"og:title\" content=\"Contact - Carel Cr\u00e9ation\" \/>\n<meta property=\"og:description\" content=\"contacter Carel Cr\u00e9ation : rencontrons-nous pour \u00e9changer sur vos projets et votre strat\u00e9gie de communication\" \/>\n<meta property=\"og:url\" content=\"https:\/\/carelcreation.com\/index.php\/contacter-carel-creation\/\" \/>\n<meta property=\"og:site_name\" content=\"Carel Cr\u00e9ation\" \/>\n<meta property=\"article:modified_time\" content=\"2025-08-07T13:09:32+00:00\" \/>\n<meta property=\"og:image\" content=\"http:\/\/carelcreation.com\/wp-content\/uploads\/2024\/10\/se-rencontrer.jpg\" \/>\n<meta name=\"twitter:card\" content=\"summary_large_image\" \/>\n<meta name=\"twitter:label1\" content=\"Dur\u00e9e de lecture estim\u00e9e\" \/>\n\t<meta name=\"twitter:data1\" content=\"1 minute\" \/>\n<script type=\"application\/ld+json\" class=\"yoast-schema-graph\">{\"@context\":\"https:\/\/schema.org\",\"@graph\":[{\"@type\":\"WebPage\",\"@id\":\"https:\/\/carelcreation.com\/index.php\/contacter-carel-creation\/\",\"url\":\"https:\/\/carelcreation.com\/index.php\/contacter-carel-creation\/\",\"name\":\"Contact - Carel Cr\u00e9ation\",\"isPartOf\":{\"@id\":\"https:\/\/carelcreation.com\/#website\"},\"primaryImageOfPage\":{\"@id\":\"https:\/\/carelcreation.com\/index.php\/contacter-carel-creation\/#primaryimage\"},\"image\":{\"@id\":\"https:\/\/carelcreation.com\/index.php\/contacter-carel-creation\/#primaryimage\"},\"thumbnailUrl\":\"http:\/\/carelcreation.com\/wp-content\/uploads\/2024\/10\/se-rencontrer.jpg\",\"datePublished\":\"2024-10-02T15:06:18+00:00\",\"dateModified\":\"2025-08-07T13:09:32+00:00\",\"description\":\"contacter Carel Cr\u00e9ation : rencontrons-nous pour \u00e9changer sur vos projets et votre strat\u00e9gie de communication\",\"breadcrumb\":{\"@id\":\"https:\/\/carelcreation.com\/index.php\/contacter-carel-creation\/#breadcrumb\"},\"inLanguage\":\"fr-FR\",\"potentialAction\":[{\"@type\":\"ReadAction\",\"target\":[\"https:\/\/carelcreation.com\/index.php\/contacter-carel-creation\/\"]}]},{\"@type\":\"ImageObject\",\"inLanguage\":\"fr-FR\",\"@id\":\"https:\/\/carelcreation.com\/index.php\/contacter-carel-creation\/#primaryimage\",\"url\":\"https:\/\/carelcreation.com\/wp-content\/uploads\/2024\/10\/se-rencontrer.jpg\",\"contentUrl\":\"https:\/\/carelcreation.com\/wp-content\/uploads\/2024\/10\/se-rencontrer.jpg\",\"width\":363,\"height\":375},{\"@type\":\"BreadcrumbList\",\"@id\":\"https:\/\/carelcreation.com\/index.php\/contacter-carel-creation\/#breadcrumb\",\"itemListElement\":[{\"@type\":\"ListItem\",\"position\":1,\"name\":\"Accueil\",\"item\":\"https:\/\/carelcreation.com\/\"},{\"@type\":\"ListItem\",\"position\":2,\"name\":\"Contact\"}]},{\"@type\":\"WebSite\",\"@id\":\"https:\/\/carelcreation.com\/#website\",\"url\":\"https:\/\/carelcreation.com\/\",\"name\":\"Carel Cr\u00e9ation\",\"description\":\"\",\"publisher\":{\"@id\":\"https:\/\/carelcreation.com\/#organization\"},\"potentialAction\":[{\"@type\":\"SearchAction\",\"target\":{\"@type\":\"EntryPoint\",\"urlTemplate\":\"https:\/\/carelcreation.com\/?s={search_term_string}\"},\"query-input\":{\"@type\":\"PropertyValueSpecification\",\"valueRequired\":true,\"valueName\":\"search_term_string\"}}],\"inLanguage\":\"fr-FR\"},{\"@type\":\"Organization\",\"@id\":\"https:\/\/carelcreation.com\/#organization\",\"name\":\"Carel Cr\u00e9ation\",\"url\":\"https:\/\/carelcreation.com\/\",\"logo\":{\"@type\":\"ImageObject\",\"inLanguage\":\"fr-FR\",\"@id\":\"https:\/\/carelcreation.com\/#\/schema\/logo\/image\/\",\"url\":\"https:\/\/carelcreation.com\/wp-content\/uploads\/2024\/10\/cropped-Carel-logo.png\",\"contentUrl\":\"https:\/\/carelcreation.com\/wp-content\/uploads\/2024\/10\/cropped-Carel-logo.png\",\"width\":1157,\"height\":438,\"caption\":\"Carel Cr\u00e9ation\"},\"image\":{\"@id\":\"https:\/\/carelcreation.com\/#\/schema\/logo\/image\/\"}}]}<\/script>\n<!-- \/ Yoast SEO plugin. -->","yoast_head_json":{"title":"Contact - Carel Cr\u00e9ation","description":"contacter Carel Cr\u00e9ation : rencontrons-nous pour \u00e9changer sur vos projets et votre strat\u00e9gie de communication","robots":{"index":"index","follow":"follow","max-snippet":"max-snippet:-1","max-image-preview":"max-image-preview:large","max-video-preview":"max-video-preview:-1"},"canonical":"https:\/\/carelcreation.com\/index.php\/contacter-carel-creation\/","og_locale":"fr_FR","og_type":"article","og_title":"Contact - Carel Cr\u00e9ation","og_description":"contacter Carel Cr\u00e9ation : rencontrons-nous pour \u00e9changer sur vos projets et votre strat\u00e9gie de communication","og_url":"https:\/\/carelcreation.com\/index.php\/contacter-carel-creation\/","og_site_name":"Carel Cr\u00e9ation","article_modified_time":"2025-08-07T13:09:32+00:00","og_image":[{"url":"http:\/\/carelcreation.com\/wp-content\/uploads\/2024\/10\/se-rencontrer.jpg"}],"twitter_card":"summary_large_image","twitter_misc":{"Dur\u00e9e de lecture estim\u00e9e":"1 minute"},"schema":{"@context":"https:\/\/schema.org","@graph":[{"@type":"WebPage","@id":"https:\/\/carelcreation.com\/index.php\/contacter-carel-creation\/","url":"https:\/\/carelcreation.com\/index.php\/contacter-carel-creation\/","name":"Contact - Carel Cr\u00e9ation","isPartOf":{"@id":"https:\/\/carelcreation.com\/#website"},"primaryImageOfPage":{"@id":"https:\/\/carelcreation.com\/index.php\/contacter-carel-creation\/#primaryimage"},"image":{"@id":"https:\/\/carelcreation.com\/index.php\/contacter-carel-creation\/#primaryimage"},"thumbnailUrl":"http:\/\/carelcreation.com\/wp-content\/uploads\/2024\/10\/se-rencontrer.jpg","datePublished":"2024-10-02T15:06:18+00:00","dateModified":"2025-08-07T13:09:32+00:00","description":"contacter Carel Cr\u00e9ation : rencontrons-nous pour \u00e9changer sur vos projets et votre strat\u00e9gie de communication","breadcrumb":{"@id":"https:\/\/carelcreation.com\/index.php\/contacter-carel-creation\/#breadcrumb"},"inLanguage":"fr-FR","potentialAction":[{"@type":"ReadAction","target":["https:\/\/carelcreation.com\/index.php\/contacter-carel-creation\/"]}]},{"@type":"ImageObject","inLanguage":"fr-FR","@id":"https:\/\/carelcreation.com\/index.php\/contacter-carel-creation\/#primaryimage","url":"https:\/\/carelcreation.com\/wp-content\/uploads\/2024\/10\/se-rencontrer.jpg","contentUrl":"https:\/\/carelcreation.com\/wp-content\/uploads\/2024\/10\/se-rencontrer.jpg","width":363,"height":375},{"@type":"BreadcrumbList","@id":"https:\/\/carelcreation.com\/index.php\/contacter-carel-creation\/#breadcrumb","itemListElement":[{"@type":"ListItem","position":1,"name":"Accueil","item":"https:\/\/carelcreation.com\/"},{"@type":"ListItem","position":2,"name":"Contact"}]},{"@type":"WebSite","@id":"https:\/\/carelcreation.com\/#website","url":"https:\/\/carelcreation.com\/","name":"Carel Cr\u00e9ation","description":"","publisher":{"@id":"https:\/\/carelcreation.com\/#organization"},"potentialAction":[{"@type":"SearchAction","target":{"@type":"EntryPoint","urlTemplate":"https:\/\/carelcreation.com\/?s={search_term_string}"},"query-input":{"@type":"PropertyValueSpecification","valueRequired":true,"valueName":"search_term_string"}}],"inLanguage":"fr-FR"},{"@type":"Organization","@id":"https:\/\/carelcreation.com\/#organization","name":"Carel Cr\u00e9ation","url":"https:\/\/carelcreation.com\/","logo":{"@type":"ImageObject","inLanguage":"fr-FR","@id":"https:\/\/carelcreation.com\/#\/schema\/logo\/image\/","url":"https:\/\/carelcreation.com\/wp-content\/uploads\/2024\/10\/cropped-Carel-logo.png","contentUrl":"https:\/\/carelcreation.com\/wp-content\/uploads\/2024\/10\/cropped-Carel-logo.png","width":1157,"height":438,"caption":"Carel Cr\u00e9ation"},"image":{"@id":"https:\/\/carelcreation.com\/#\/schema\/logo\/image\/"}}]}},"_links":{"self":[{"href":"https:\/\/carelcreation.com\/index.php\/wp-json\/wp\/v2\/pages\/8","targetHints":{"allow":["GET"]}}],"collection":[{"href":"https:\/\/carelcreation.com\/index.php\/wp-json\/wp\/v2\/pages"}],"about":[{"href":"https:\/\/carelcreation.com\/index.php\/wp-json\/wp\/v2\/types\/page"}],"author":[{"embeddable":true,"href":"https:\/\/carelcreation.com\/index.php\/wp-json\/wp\/v2\/users\/1"}],"replies":[{"embeddable":true,"href":"https:\/\/carelcreation.com\/index.php\/wp-json\/wp\/v2\/comments?post=8"}],"version-history":[{"count":5,"href":"https:\/\/carelcreation.com\/index.php\/wp-json\/wp\/v2\/pages\/8\/revisions"}],"predecessor-version":[{"id":179,"href":"https:\/\/carelcreation.com\/index.php\/wp-json\/wp\/v2\/pages\/8\/revisions\/179"}],"wp:attachment":[{"href":"https:\/\/carelcreation.com\/index.php\/wp-json\/wp\/v2\/media?parent=8"}],"curies":[{"name":"wp","href":"https:\/\/api.w.org\/{rel}","templated":true}]}}